{"id":44,"date":"2021-10-18T15:17:18","date_gmt":"2021-10-18T15:17:18","guid":{"rendered":"https:\/\/casapopenoe.ufm.edu\/grabados-japoneses\/?page_id=44"},"modified":"2022-03-04T20:01:17","modified_gmt":"2022-03-04T20:01:17","slug":"editorial-watanabe","status":"publish","type":"page","link":"https:\/\/casapopenoe.ufm.edu\/grabados-japoneses\/editorial-watanabe\/","title":{"rendered":"Editorial Watanabe"},"content":{"rendered":"\n<h2>\n\t\tLa casa editorial Watanabe\n\t<\/h2>\n\t\t\t\t<img loading=\"lazy\" decoding=\"async\" src=\"https:\/\/casapopenoe.ufm.edu\/grabados-japoneses\/wp-content\/uploads\/2022\/02\/Watanabe-Shozaburo-scaled.jpg\" alt=\"Fotograf\u00eda del editor\njapon\u00e9s &lt;b&gt;Watanabe Sh\u014dzabur\u014d&lt;\/b&gt;\" itemprop=\"image\" height=\"2560\" width=\"2560\" title=\"Watanabe Sh\u014dzabur\u014d\" onerror=\"this.style.display='none'\"  \/>\n<h2>\n\t\tWatanabe Sh\u014dzabur\u014d \u6e21\u8fba\u5e84\u4e09\u90ce (1885-1962)\n\t<\/h2>\n\t<p>C\u00e9lebre editor radicado en Tokio y art\u00edfice de la corriente <a href=\"https:\/\/casapopenoe.ufm.edu\/grabados-japoneses\/grabado-moderno\/el-nuevo-grabado-japones\/\"><i>nuevo grabado<\/i><\/a> (<i>shin-hanga<\/i>). Supo combinar las necesidades del nuevo mercado de arte moderno, los modelos del arte occidental que se establecieron en Jap\u00f3n en la segunda mitad del siglo XIX, y un inter\u00e9s por la historia de la estampa <a href=\"https:\/\/casapopenoe.ufm.edu\/grabados-japoneses\/grabado-moderno\/el-nuevo-grabado-y-el-grabado-creativo\/\"><i>ukiyo-e<\/i><\/a>, desarrollando estrategias de producci\u00f3n que involucraban no solo a ilustradores destacados, sino a reconocidos maestros grabadores e impresores. Las estampas producidas bajo su patrocinio se caracterizan por una alta cualificaci\u00f3n t\u00e9cnica.<\/p>\n\n","protected":false},"excerpt":{"rendered":"<p>La casa editorial Watanabe Watanabe Sh\u014dzabur\u014d \u6e21\u8fba\u5e84\u4e09\u90ce (1885-1962) C\u00e9lebre editor radicado en Tokio y art\u00edfice de la corriente nuevo grabado (shin-hanga). Supo combinar las necesidades del nuevo mercado de arte moderno, los modelos del arte occidental que se establecieron en Jap\u00f3n en la segunda mitad del siglo XIX, y un inter\u00e9s por la historia de&hellip;<\/p>\n","protected":false},"author":1,"featured_media":0,"parent":0,"menu_order":0,"comment_status":"closed","ping_status":"closed","template":"","meta":{"footnotes":""},"class_list":["post-44","page","type-page","status-publish","hentry"],"yoast_head":"<!-- This site is optimized with the Yoast SEO plugin v18.3 - https:\/\/yoast.com\/wordpress\/plugins\/seo\/ -->\n<title>Editorial Watanabe - El nuevo grabado japon\u00e9s (shin-hanga) en la colecci\u00f3n de la Casa Popenoe<\/title>\n<meta name=\"robots\" content=\"index, follow, max-snippet:-1, max-image-preview:large, max-video-preview:-1\" \/>\n<link rel=\"canonical\" href=\"https:\/\/casapopenoe.ufm.edu\/grabados-japoneses\/editorial-watanabe\/\" \/>\n<meta property=\"og:locale\" content=\"es_ES\" \/>\n<meta property=\"og:type\" content=\"article\" \/>\n<meta property=\"og:title\" content=\"Editorial Watanabe - El nuevo grabado japon\u00e9s (shin-hanga) en la colecci\u00f3n de la Casa Popenoe\" \/>\n<meta property=\"og:description\" content=\"La casa editorial Watanabe Watanabe Sh\u014dzabur\u014d \u6e21\u8fba\u5e84\u4e09\u90ce (1885-1962) C\u00e9lebre editor radicado en Tokio y art\u00edfice de la corriente nuevo grabado (shin-hanga). Supo combinar las necesidades del nuevo mercado de arte moderno, los modelos del arte occidental que se establecieron en Jap\u00f3n en la segunda mitad del siglo XIX, y un inter\u00e9s por la historia de&hellip;\" \/>\n<meta property=\"og:url\" content=\"https:\/\/casapopenoe.ufm.edu\/grabados-japoneses\/editorial-watanabe\/\" \/>\n<meta property=\"og:site_name\" content=\"El nuevo grabado japon\u00e9s (shin-hanga) en la colecci\u00f3n de la Casa Popenoe\" \/>\n<meta property=\"article:modified_time\" content=\"2022-03-04T20:01:17+00:00\" \/>\n<meta property=\"og:image\" content=\"https:\/\/casapopenoe.ufm.edu\/grabados-japoneses\/wp-content\/uploads\/2022\/02\/Watanabe-Shozaburo-scaled.jpg\" \/>\n<meta name=\"twitter:card\" content=\"summary_large_image\" \/>\n<script type=\"application\/ld+json\" class=\"yoast-schema-graph\">{\"@context\":\"https:\/\/schema.org\",\"@graph\":[{\"@type\":\"WebSite\",\"@id\":\"https:\/\/casapopenoe.ufm.edu\/grabados-japoneses\/#website\",\"url\":\"https:\/\/casapopenoe.ufm.edu\/grabados-japoneses\/\",\"name\":\"El nuevo grabado japon\u00e9s (shin-hanga) en la colecci\u00f3n de la Casa Popenoe\",\"description\":\"\",\"potentialAction\":[{\"@type\":\"SearchAction\",\"target\":{\"@type\":\"EntryPoint\",\"urlTemplate\":\"https:\/\/casapopenoe.ufm.edu\/grabados-japoneses\/?s={search_term_string}\"},\"query-input\":\"required name=search_term_string\"}],\"inLanguage\":\"es\"},{\"@type\":\"ImageObject\",\"@id\":\"https:\/\/casapopenoe.ufm.edu\/grabados-japoneses\/editorial-watanabe\/#primaryimage\",\"inLanguage\":\"es\",\"url\":\"https:\/\/casapopenoe.ufm.edu\/grabados-japoneses\/wp-content\/uploads\/2022\/02\/Watanabe-Shozaburo-scaled.jpg\",\"contentUrl\":\"https:\/\/casapopenoe.ufm.edu\/grabados-japoneses\/wp-content\/uploads\/2022\/02\/Watanabe-Shozaburo-scaled.jpg\",\"width\":2560,\"height\":2560,\"caption\":\"Fotograf\u00eda del editor japon\u00e9s Watanabe Sh\u014dzabur\u014d\"},{\"@type\":\"WebPage\",\"@id\":\"https:\/\/casapopenoe.ufm.edu\/grabados-japoneses\/editorial-watanabe\/#webpage\",\"url\":\"https:\/\/casapopenoe.ufm.edu\/grabados-japoneses\/editorial-watanabe\/\",\"name\":\"Editorial Watanabe - El nuevo grabado japon\u00e9s (shin-hanga) en la colecci\u00f3n de la Casa Popenoe\",\"isPartOf\":{\"@id\":\"https:\/\/casapopenoe.ufm.edu\/grabados-japoneses\/#website\"},\"primaryImageOfPage\":{\"@id\":\"https:\/\/casapopenoe.ufm.edu\/grabados-japoneses\/editorial-watanabe\/#primaryimage\"},\"datePublished\":\"2021-10-18T15:17:18+00:00\",\"dateModified\":\"2022-03-04T20:01:17+00:00\",\"breadcrumb\":{\"@id\":\"https:\/\/casapopenoe.ufm.edu\/grabados-japoneses\/editorial-watanabe\/#breadcrumb\"},\"inLanguage\":\"es\",\"potentialAction\":[{\"@type\":\"ReadAction\",\"target\":[\"https:\/\/casapopenoe.ufm.edu\/grabados-japoneses\/editorial-watanabe\/\"]}]},{\"@type\":\"BreadcrumbList\",\"@id\":\"https:\/\/casapopenoe.ufm.edu\/grabados-japoneses\/editorial-watanabe\/#breadcrumb\",\"itemListElement\":[{\"@type\":\"ListItem\",\"position\":1,\"name\":\"Portada\",\"item\":\"https:\/\/casapopenoe.ufm.edu\/grabados-japoneses\/\"},{\"@type\":\"ListItem\",\"position\":2,\"name\":\"Editorial Watanabe\"}]}]}<\/script>\n<!-- \/ Yoast SEO plugin. -->","yoast_head_json":{"title":"Editorial Watanabe - El nuevo grabado japon\u00e9s (shin-hanga) en la colecci\u00f3n de la Casa Popenoe","robots":{"index":"index","follow":"follow","max-snippet":"max-snippet:-1","max-image-preview":"max-image-preview:large","max-video-preview":"max-video-preview:-1"},"canonical":"https:\/\/casapopenoe.ufm.edu\/grabados-japoneses\/editorial-watanabe\/","og_locale":"es_ES","og_type":"article","og_title":"Editorial Watanabe - El nuevo grabado japon\u00e9s (shin-hanga) en la colecci\u00f3n de la Casa Popenoe","og_description":"La casa editorial Watanabe Watanabe Sh\u014dzabur\u014d \u6e21\u8fba\u5e84\u4e09\u90ce (1885-1962) C\u00e9lebre editor radicado en Tokio y art\u00edfice de la corriente nuevo grabado (shin-hanga). Supo combinar las necesidades del nuevo mercado de arte moderno, los modelos del arte occidental que se establecieron en Jap\u00f3n en la segunda mitad del siglo XIX, y un inter\u00e9s por la historia de&hellip;","og_url":"https:\/\/casapopenoe.ufm.edu\/grabados-japoneses\/editorial-watanabe\/","og_site_name":"El nuevo grabado japon\u00e9s (shin-hanga) en la colecci\u00f3n de la Casa Popenoe","article_modified_time":"2022-03-04T20:01:17+00:00","og_image":[{"url":"https:\/\/casapopenoe.ufm.edu\/grabados-japoneses\/wp-content\/uploads\/2022\/02\/Watanabe-Shozaburo-scaled.jpg"}],"twitter_card":"summary_large_image","schema":{"@context":"https:\/\/schema.org","@graph":[{"@type":"WebSite","@id":"https:\/\/casapopenoe.ufm.edu\/grabados-japoneses\/#website","url":"https:\/\/casapopenoe.ufm.edu\/grabados-japoneses\/","name":"El nuevo grabado japon\u00e9s (shin-hanga) en la colecci\u00f3n de la Casa Popenoe","description":"","potentialAction":[{"@type":"SearchAction","target":{"@type":"EntryPoint","urlTemplate":"https:\/\/casapopenoe.ufm.edu\/grabados-japoneses\/?s={search_term_string}"},"query-input":"required name=search_term_string"}],"inLanguage":"es"},{"@type":"ImageObject","@id":"https:\/\/casapopenoe.ufm.edu\/grabados-japoneses\/editorial-watanabe\/#primaryimage","inLanguage":"es","url":"https:\/\/casapopenoe.ufm.edu\/grabados-japoneses\/wp-content\/uploads\/2022\/02\/Watanabe-Shozaburo-scaled.jpg","contentUrl":"https:\/\/casapopenoe.ufm.edu\/grabados-japoneses\/wp-content\/uploads\/2022\/02\/Watanabe-Shozaburo-scaled.jpg","width":2560,"height":2560,"caption":"Fotograf\u00eda del editor japon\u00e9s Watanabe Sh\u014dzabur\u014d"},{"@type":"WebPage","@id":"https:\/\/casapopenoe.ufm.edu\/grabados-japoneses\/editorial-watanabe\/#webpage","url":"https:\/\/casapopenoe.ufm.edu\/grabados-japoneses\/editorial-watanabe\/","name":"Editorial Watanabe - El nuevo grabado japon\u00e9s (shin-hanga) en la colecci\u00f3n de la Casa Popenoe","isPartOf":{"@id":"https:\/\/casapopenoe.ufm.edu\/grabados-japoneses\/#website"},"primaryImageOfPage":{"@id":"https:\/\/casapopenoe.ufm.edu\/grabados-japoneses\/editorial-watanabe\/#primaryimage"},"datePublished":"2021-10-18T15:17:18+00:00","dateModified":"2022-03-04T20:01:17+00:00","breadcrumb":{"@id":"https:\/\/casapopenoe.ufm.edu\/grabados-japoneses\/editorial-watanabe\/#breadcrumb"},"inLanguage":"es","potentialAction":[{"@type":"ReadAction","target":["https:\/\/casapopenoe.ufm.edu\/grabados-japoneses\/editorial-watanabe\/"]}]},{"@type":"BreadcrumbList","@id":"https:\/\/casapopenoe.ufm.edu\/grabados-japoneses\/editorial-watanabe\/#breadcrumb","itemListElement":[{"@type":"ListItem","position":1,"name":"Portada","item":"https:\/\/casapopenoe.ufm.edu\/grabados-japoneses\/"},{"@type":"ListItem","position":2,"name":"Editorial Watanabe"}]}]}},"meta_box":[],"_links":{"self":[{"href":"https:\/\/casapopenoe.ufm.edu\/grabados-japoneses\/wp-json\/wp\/v2\/pages\/44","targetHints":{"allow":["GET"]}}],"collection":[{"href":"https:\/\/casapopenoe.ufm.edu\/grabados-japoneses\/wp-json\/wp\/v2\/pages"}],"about":[{"href":"https:\/\/casapopenoe.ufm.edu\/grabados-japoneses\/wp-json\/wp\/v2\/types\/page"}],"author":[{"embeddable":true,"href":"https:\/\/casapopenoe.ufm.edu\/grabados-japoneses\/wp-json\/wp\/v2\/users\/1"}],"replies":[{"embeddable":true,"href":"https:\/\/casapopenoe.ufm.edu\/grabados-japoneses\/wp-json\/wp\/v2\/comments?post=44"}],"version-history":[{"count":12,"href":"https:\/\/casapopenoe.ufm.edu\/grabados-japoneses\/wp-json\/wp\/v2\/pages\/44\/revisions"}],"predecessor-version":[{"id":1114,"href":"https:\/\/casapopenoe.ufm.edu\/grabados-japoneses\/wp-json\/wp\/v2\/pages\/44\/revisions\/1114"}],"wp:attachment":[{"href":"https:\/\/casapopenoe.ufm.edu\/grabados-japoneses\/wp-json\/wp\/v2\/media?parent=44"}],"curies":[{"name":"wp","href":"https:\/\/api.w.org\/{rel}","templated":true}]}}