{"id":392,"date":"2021-11-25T14:53:42","date_gmt":"2021-11-25T14:53:42","guid":{"rendered":"https:\/\/casapopenoe.ufm.edu\/grabados-japoneses\/?page_id=392"},"modified":"2022-03-04T20:10:00","modified_gmt":"2022-03-04T20:10:00","slug":"el-grabado-moderno","status":"publish","type":"page","link":"https:\/\/casapopenoe.ufm.edu\/grabados-japoneses\/el-grabado-moderno\/","title":{"rendered":"El grabado moderno"},"content":{"rendered":"\n<h2>\n\t\tEl grabado moderno\n\t<\/h2>\n<h2>\n\t\tEl grabado moderno y la estampa <em>ukiyo-e<\/em>\n\t<\/h2>\n\t<p>Uno de los objetivos detr\u00e1s de la aparici\u00f3n del <i>shin-hanga<\/i> (<i><a href=\"https:\/\/casapopenoe.ufm.edu\/grabados-japoneses\/grabado-moderno\/el-nuevo-grabado-japones\/\">nuevo grabado<\/a><\/i>) como corriente art\u00edstica, fue rescatar la estructura de producci\u00f3n de la xilograf\u00eda <i>ukiyo-e<\/i> \u6d6e\u4e16\u7d75. Este antecedente gr\u00e1fico, que caracteriz\u00f3 la cultura popular urbana de los siglos XVII al XIX y representaba sobre todo la vida de las ciudades de esos a\u00f1os, fue uno de los grandes \u00e9xitos de la industria editorial del momento. Por otro lado, a su llegada a Europa a mediados del siglo XIX, el <i>ukiyo-e<\/i> se convirti\u00f3 en una de las principales fuentes de inspiraci\u00f3n de artistas impresionistas y de las vanguardias.<\/p>\n<h2>\n\t\tEl <em>nuevo grabado<\/em> y el <em>grabado creativo<\/em>\n\t<\/h2>\n\t<p>A diferencia del <i><a href=\"https:\/\/casapopenoe.ufm.edu\/grabados-japoneses\/grabado-moderno\/el-nuevo-grabado-japones\/\">nuevo grabado<\/a><\/i>, y de su antecesor, el <i><a href=\"https:\/\/casapopenoe.ufm.edu\/grabados-japoneses\/grabado-moderno\/el-nuevo-grabado-y-el-grabado-creativo\/\">ukiyo-e<\/a><\/i>, la corriente conocida como <i>grabado creativo<\/i> (<i>s\u014dsaku hanga<\/i> \u5275\u4f5c\u7248\u753b) abog\u00f3 por la idea del artista como \u00fanico productor de la obra, m\u00e1s en consonancia con la noci\u00f3n rom\u00e1ntica de \u00abcreador\u00bb, prevalente en la Europa decimon\u00f3nica, y con el propio proceso de fabricaci\u00f3n de la obra por una sola persona. Esta corriente, cuyos a\u00f1os de mayor auge coinciden con las primeras d\u00e9cadas del siglo XX, tambi\u00e9n contrasta con el <i><a href=\"https:\/\/casapopenoe.ufm.edu\/grabados-japoneses\/grabado-moderno\/el-nuevo-grabado-japones\/\">nuevo grabado<\/a><\/i> en sus temas, m\u00e1s centrados en la representaci\u00f3n de los espacios modernos.<\/p>\n\n","protected":false},"excerpt":{"rendered":"<p>El grabado moderno El grabado moderno y la estampa ukiyo-e Uno de los objetivos detr\u00e1s de la aparici\u00f3n del shin-hanga (nuevo grabado) como corriente art\u00edstica, fue rescatar la estructura de producci\u00f3n de la xilograf\u00eda ukiyo-e \u6d6e\u4e16\u7d75. Este antecedente gr\u00e1fico, que caracteriz\u00f3 la cultura popular urbana de los siglos XVII al XIX y representaba sobre todo&hellip;<\/p>\n","protected":false},"author":1,"featured_media":0,"parent":0,"menu_order":0,"comment_status":"closed","ping_status":"closed","template":"","meta":{"footnotes":""},"class_list":["post-392","page","type-page","status-publish","hentry"],"yoast_head":"<!-- This site is optimized with the Yoast SEO plugin v18.3 - https:\/\/yoast.com\/wordpress\/plugins\/seo\/ -->\n<title>El grabado moderno - El nuevo grabado japon\u00e9s (shin-hanga) en la colecci\u00f3n de la Casa Popenoe<\/title>\n<meta name=\"robots\" content=\"index, follow, max-snippet:-1, max-image-preview:large, max-video-preview:-1\" \/>\n<link rel=\"canonical\" href=\"https:\/\/casapopenoe.ufm.edu\/grabados-japoneses\/el-grabado-moderno\/\" \/>\n<meta property=\"og:locale\" content=\"es_ES\" \/>\n<meta property=\"og:type\" content=\"article\" \/>\n<meta property=\"og:title\" content=\"El grabado moderno - El nuevo grabado japon\u00e9s (shin-hanga) en la colecci\u00f3n de la Casa Popenoe\" \/>\n<meta property=\"og:description\" content=\"El grabado moderno El grabado moderno y la estampa ukiyo-e Uno de los objetivos detr\u00e1s de la aparici\u00f3n del shin-hanga (nuevo grabado) como corriente art\u00edstica, fue rescatar la estructura de producci\u00f3n de la xilograf\u00eda ukiyo-e \u6d6e\u4e16\u7d75. Este antecedente gr\u00e1fico, que caracteriz\u00f3 la cultura popular urbana de los siglos XVII al XIX y representaba sobre todo&hellip;\" \/>\n<meta property=\"og:url\" content=\"https:\/\/casapopenoe.ufm.edu\/grabados-japoneses\/el-grabado-moderno\/\" \/>\n<meta property=\"og:site_name\" content=\"El nuevo grabado japon\u00e9s (shin-hanga) en la colecci\u00f3n de la Casa Popenoe\" \/>\n<meta property=\"article:modified_time\" content=\"2022-03-04T20:10:00+00:00\" \/>\n<meta name=\"twitter:card\" content=\"summary_large_image\" \/>\n<meta name=\"twitter:label1\" content=\"Tiempo de lectura\" \/>\n\t<meta name=\"twitter:data1\" content=\"1 minuto\" \/>\n<script type=\"application\/ld+json\" class=\"yoast-schema-graph\">{\"@context\":\"https:\/\/schema.org\",\"@graph\":[{\"@type\":\"WebSite\",\"@id\":\"https:\/\/casapopenoe.ufm.edu\/grabados-japoneses\/#website\",\"url\":\"https:\/\/casapopenoe.ufm.edu\/grabados-japoneses\/\",\"name\":\"El nuevo grabado japon\u00e9s (shin-hanga) en la colecci\u00f3n de la Casa Popenoe\",\"description\":\"\",\"potentialAction\":[{\"@type\":\"SearchAction\",\"target\":{\"@type\":\"EntryPoint\",\"urlTemplate\":\"https:\/\/casapopenoe.ufm.edu\/grabados-japoneses\/?s={search_term_string}\"},\"query-input\":\"required name=search_term_string\"}],\"inLanguage\":\"es\"},{\"@type\":\"WebPage\",\"@id\":\"https:\/\/casapopenoe.ufm.edu\/grabados-japoneses\/el-grabado-moderno\/#webpage\",\"url\":\"https:\/\/casapopenoe.ufm.edu\/grabados-japoneses\/el-grabado-moderno\/\",\"name\":\"El grabado moderno - El nuevo grabado japon\u00e9s (shin-hanga) en la colecci\u00f3n de la Casa Popenoe\",\"isPartOf\":{\"@id\":\"https:\/\/casapopenoe.ufm.edu\/grabados-japoneses\/#website\"},\"datePublished\":\"2021-11-25T14:53:42+00:00\",\"dateModified\":\"2022-03-04T20:10:00+00:00\",\"breadcrumb\":{\"@id\":\"https:\/\/casapopenoe.ufm.edu\/grabados-japoneses\/el-grabado-moderno\/#breadcrumb\"},\"inLanguage\":\"es\",\"potentialAction\":[{\"@type\":\"ReadAction\",\"target\":[\"https:\/\/casapopenoe.ufm.edu\/grabados-japoneses\/el-grabado-moderno\/\"]}]},{\"@type\":\"BreadcrumbList\",\"@id\":\"https:\/\/casapopenoe.ufm.edu\/grabados-japoneses\/el-grabado-moderno\/#breadcrumb\",\"itemListElement\":[{\"@type\":\"ListItem\",\"position\":1,\"name\":\"Portada\",\"item\":\"https:\/\/casapopenoe.ufm.edu\/grabados-japoneses\/\"},{\"@type\":\"ListItem\",\"position\":2,\"name\":\"El grabado moderno\"}]}]}<\/script>\n<!-- \/ Yoast SEO plugin. -->","yoast_head_json":{"title":"El grabado moderno - El nuevo grabado japon\u00e9s (shin-hanga) en la colecci\u00f3n de la Casa Popenoe","robots":{"index":"index","follow":"follow","max-snippet":"max-snippet:-1","max-image-preview":"max-image-preview:large","max-video-preview":"max-video-preview:-1"},"canonical":"https:\/\/casapopenoe.ufm.edu\/grabados-japoneses\/el-grabado-moderno\/","og_locale":"es_ES","og_type":"article","og_title":"El grabado moderno - El nuevo grabado japon\u00e9s (shin-hanga) en la colecci\u00f3n de la Casa Popenoe","og_description":"El grabado moderno El grabado moderno y la estampa ukiyo-e Uno de los objetivos detr\u00e1s de la aparici\u00f3n del shin-hanga (nuevo grabado) como corriente art\u00edstica, fue rescatar la estructura de producci\u00f3n de la xilograf\u00eda ukiyo-e \u6d6e\u4e16\u7d75. Este antecedente gr\u00e1fico, que caracteriz\u00f3 la cultura popular urbana de los siglos XVII al XIX y representaba sobre todo&hellip;","og_url":"https:\/\/casapopenoe.ufm.edu\/grabados-japoneses\/el-grabado-moderno\/","og_site_name":"El nuevo grabado japon\u00e9s (shin-hanga) en la colecci\u00f3n de la Casa Popenoe","article_modified_time":"2022-03-04T20:10:00+00:00","twitter_card":"summary_large_image","twitter_misc":{"Tiempo de lectura":"1 minuto"},"schema":{"@context":"https:\/\/schema.org","@graph":[{"@type":"WebSite","@id":"https:\/\/casapopenoe.ufm.edu\/grabados-japoneses\/#website","url":"https:\/\/casapopenoe.ufm.edu\/grabados-japoneses\/","name":"El nuevo grabado japon\u00e9s (shin-hanga) en la colecci\u00f3n de la Casa Popenoe","description":"","potentialAction":[{"@type":"SearchAction","target":{"@type":"EntryPoint","urlTemplate":"https:\/\/casapopenoe.ufm.edu\/grabados-japoneses\/?s={search_term_string}"},"query-input":"required name=search_term_string"}],"inLanguage":"es"},{"@type":"WebPage","@id":"https:\/\/casapopenoe.ufm.edu\/grabados-japoneses\/el-grabado-moderno\/#webpage","url":"https:\/\/casapopenoe.ufm.edu\/grabados-japoneses\/el-grabado-moderno\/","name":"El grabado moderno - El nuevo grabado japon\u00e9s (shin-hanga) en la colecci\u00f3n de la Casa Popenoe","isPartOf":{"@id":"https:\/\/casapopenoe.ufm.edu\/grabados-japoneses\/#website"},"datePublished":"2021-11-25T14:53:42+00:00","dateModified":"2022-03-04T20:10:00+00:00","breadcrumb":{"@id":"https:\/\/casapopenoe.ufm.edu\/grabados-japoneses\/el-grabado-moderno\/#breadcrumb"},"inLanguage":"es","potentialAction":[{"@type":"ReadAction","target":["https:\/\/casapopenoe.ufm.edu\/grabados-japoneses\/el-grabado-moderno\/"]}]},{"@type":"BreadcrumbList","@id":"https:\/\/casapopenoe.ufm.edu\/grabados-japoneses\/el-grabado-moderno\/#breadcrumb","itemListElement":[{"@type":"ListItem","position":1,"name":"Portada","item":"https:\/\/casapopenoe.ufm.edu\/grabados-japoneses\/"},{"@type":"ListItem","position":2,"name":"El grabado moderno"}]}]}},"meta_box":[],"_links":{"self":[{"href":"https:\/\/casapopenoe.ufm.edu\/grabados-japoneses\/wp-json\/wp\/v2\/pages\/392","targetHints":{"allow":["GET"]}}],"collection":[{"href":"https:\/\/casapopenoe.ufm.edu\/grabados-japoneses\/wp-json\/wp\/v2\/pages"}],"about":[{"href":"https:\/\/casapopenoe.ufm.edu\/grabados-japoneses\/wp-json\/wp\/v2\/types\/page"}],"author":[{"embeddable":true,"href":"https:\/\/casapopenoe.ufm.edu\/grabados-japoneses\/wp-json\/wp\/v2\/users\/1"}],"replies":[{"embeddable":true,"href":"https:\/\/casapopenoe.ufm.edu\/grabados-japoneses\/wp-json\/wp\/v2\/comments?post=392"}],"version-history":[{"count":13,"href":"https:\/\/casapopenoe.ufm.edu\/grabados-japoneses\/wp-json\/wp\/v2\/pages\/392\/revisions"}],"predecessor-version":[{"id":1118,"href":"https:\/\/casapopenoe.ufm.edu\/grabados-japoneses\/wp-json\/wp\/v2\/pages\/392\/revisions\/1118"}],"wp:attachment":[{"href":"https:\/\/casapopenoe.ufm.edu\/grabados-japoneses\/wp-json\/wp\/v2\/media?parent=392"}],"curies":[{"name":"wp","href":"https:\/\/api.w.org\/{rel}","templated":true}]}}