{"id":187,"date":"2021-11-11T20:58:56","date_gmt":"2021-11-11T20:58:56","guid":{"rendered":"https:\/\/casapopenoe.ufm.edu\/grabados-japoneses\/?page_id=187"},"modified":"2022-03-14T17:35:52","modified_gmt":"2022-03-14T17:35:52","slug":"salas-tematicas","status":"publish","type":"page","link":"https:\/\/casapopenoe.ufm.edu\/grabados-japoneses\/salas-tematicas\/","title":{"rendered":"Salas tem\u00e1ticas"},"content":{"rendered":"\n<h2>\n\t\tEl nuevo grabado japon\u00e9s <br \/>(shin-hanga)\n\t<\/h2>\n<h2>\n\t\tUna colecci\u00f3n de Casa Popenoe\n\t<\/h2>\n<h2>\n\t\tSALAS TEM\u00c1TICAS\n\t<\/h2>\n<h2>\n\t\t<a href=\"https:\/\/casapopenoe.ufm.edu\/grabados-japoneses\/sala-1\/\" title=\"SALA &lt;span&gt;1&lt;\/span&gt;\" target=\"_self\" rel=\"noopener\">\n\t\tSALA 1\n\t\t<\/a>\n\t<\/h2>\n\t<p>La colecci\u00f3n de estampas japonesas modernas de la Casa Popenoe<\/p>\n\t<p>&nbsp;<\/p>\n<h2>\n\t\t<a href=\"https:\/\/casapopenoe.ufm.edu\/grabados-japoneses\/sala-2\/\" title=\"SALA &lt;span&gt;2&lt;\/span&gt;\" target=\"_self\" rel=\"noopener\">\n\t\tSALA 2\n\t\t<\/a>\n\t<\/h2>\n\tEl nuevo grabado<br \/>\njapon\u00e9s\n\t<p>&nbsp;<\/p>\n\t&nbsp;<br \/>\n&nbsp;\n<h2>\n\t\t<a href=\"https:\/\/casapopenoe.ufm.edu\/grabados-japoneses\/aula-didactica\/\" title=\"&lt;br&gt;Aula did\u00e1ctica&lt;br&gt;&lt;br&gt;\" target=\"_self\" rel=\"noopener\">\n\t\t<br \/>Aula did\u00e1ctica<br \/><br \/>\n\t\t<\/a>\n\t<\/h2>\n\t<p>&nbsp;<\/p>\n<h2>\n\t\t<a href=\"https:\/\/casapopenoe.ufm.edu\/grabados-japoneses\/sala-3\/\" title=\"SALA &lt;span&gt;3&lt;\/span&gt;\" target=\"_self\" rel=\"noopener\">\n\t\tSALA 3\n\t\t<\/a>\n\t<\/h2>\n\tEl paisaje en<br \/>\nla obra<br \/>\nde Kawase Hasui\n\t<p>&nbsp;<\/p>\n<h2>\n\t\t<a href=\"https:\/\/casapopenoe.ufm.edu\/grabados-japoneses\/sala-4\/\" title=\"SALA &lt;span&gt;4&lt;\/span&gt;\" target=\"_self\" rel=\"noopener\">\n\t\tSALA 4\n\t\t<\/a>\n\t<\/h2>\n\tOhara Koson y<br \/>\nel regreso a las<br \/>\nfuentes chinas\n\t<p>&nbsp;<\/p>\n<h2>\n\t\t<a href=\"https:\/\/casapopenoe.ufm.edu\/grabados-japoneses\/sala-1\/\" title=\"SALA &lt;span&gt;1&lt;\/span&gt;\" target=\"_self\" rel=\"noopener\">\n\t\tSALA 1\n\t\t<\/a>\n\t<\/h2>\n\t<p>La colecci\u00f3nde estampas japonesas modernas de la Casa Popenoe<\/p>\n\t<p>&nbsp;<\/p>\n<h2>\n\t\t<a href=\"https:\/\/casapopenoe.ufm.edu\/grabados-japoneses\/sala-2\/\" title=\"SALA &lt;span&gt;2&lt;\/span&gt;\" target=\"_self\" rel=\"noopener\">\n\t\tSALA 2\n\t\t<\/a>\n\t<\/h2>\n\tEl nuevo grabado<br \/>\njapon\u00e9s\n\t<p>&nbsp;<\/p>\n<h2>\n\t\t<a href=\"https:\/\/casapopenoe.ufm.edu\/grabados-japoneses\/sala-3\/\" title=\"SALA &lt;span&gt;3&lt;\/span&gt;\" target=\"_self\" rel=\"noopener\">\n\t\tSALA 3\n\t\t<\/a>\n\t<\/h2>\n\tEl paisaje en<br \/>\nla obra<br \/>\nde Kawase Hasui\n\t<p>&nbsp;<\/p>\n<h2>\n\t\t<a href=\"https:\/\/casapopenoe.ufm.edu\/grabados-japoneses\/sala-4\/\" title=\"SALA &lt;span&gt;4&lt;\/span&gt;\" target=\"_self\" rel=\"noopener\">\n\t\tSALA 4\n\t\t<\/a>\n\t<\/h2>\n\tOhara Koson y<br \/>\nel regreso a las<br \/>\nfuentes chinas\n\t<p>&nbsp;<\/p>\n\t<p>&nbsp;<\/p>\n<h2>\n\t\t<a href=\"https:\/\/casapopenoe.ufm.edu\/grabados-japoneses\/aula-didactica\/\" title=\"Aula did\u00e1ctica\" target=\"_self\" rel=\"noopener\">\n\t\tAula did\u00e1ctica\n\t\t<\/a>\n\t<\/h2>\n\t<p>&nbsp;<\/p>\n<h2>\n\t\t<a href=\"https:\/\/casapopenoe.ufm.edu\/grabados-japoneses\/sala-1\/\" title=\"SALA &lt;span&gt;1&lt;\/span&gt;\" target=\"_self\" rel=\"noopener\">\n\t\tSALA 1\n\t\t<\/a>\n\t<\/h2>\n\tLa colecci\u00f3n<br \/>\nde estampas japonesas modernas de la Casa Popenoe\n<h2>\n\t\t<a href=\"https:\/\/casapopenoe.ufm.edu\/grabados-japoneses\/sala-2\/\" title=\"SALA &lt;span&gt;2&lt;\/span&gt;\" target=\"_self\" rel=\"noopener\">\n\t\tSALA 2\n\t\t<\/a>\n\t<\/h2>\n\tEl nuevo grabado<br \/>\njapon\u00e9s\n<h2>\n\t\t<a href=\"https:\/\/casapopenoe.ufm.edu\/grabados-japoneses\/aula-didactica\/\" title=\"Aula did\u00e1ctica\" target=\"_self\" rel=\"noopener\">\n\t\tAula did\u00e1ctica\n\t\t<\/a>\n\t<\/h2>\n<h2>\n\t\t<a href=\"https:\/\/casapopenoe.ufm.edu\/grabados-japoneses\/sala-3\/\" title=\"SALA &lt;span&gt;3&lt;\/span&gt;\" target=\"_self\" rel=\"noopener\">\n\t\tSALA 3\n\t\t<\/a>\n\t<\/h2>\n\tEl paisaje en<br \/>\nla obra<br \/>\nde Kawase Hasui\n<h2>\n\t\t<a href=\"https:\/\/casapopenoe.ufm.edu\/grabados-japoneses\/sala-4\/\" title=\"SALA &lt;span&gt;4&lt;\/span&gt;\" target=\"_self\" rel=\"noopener\">\n\t\tSALA 4\n\t\t<\/a>\n\t<\/h2>\n\tOhara Koson y<br \/>\nel regreso a las<br \/>\nfuentes chinas\n<h2>\n\t\tAcceso a<br \/>exposici\u00f3n<br \/>en realidad<br \/>aumentada\n\t<\/h2>\n\n","protected":false},"excerpt":{"rendered":"<p>El nuevo grabado japon\u00e9s (shin-hanga) Una colecci\u00f3n de Casa Popenoe SALAS TEM\u00c1TICAS SALA 1 La colecci\u00f3n de estampas japonesas modernas de la Casa Popenoe &nbsp; SALA 2 El nuevo grabado japon\u00e9s &nbsp; &nbsp; &nbsp; Aula did\u00e1ctica &nbsp; SALA 3 El paisaje en la obra de Kawase Hasui &nbsp; SALA 4 Ohara Koson y el regreso&hellip;<\/p>\n","protected":false},"author":1,"featured_media":0,"parent":0,"menu_order":0,"comment_status":"closed","ping_status":"closed","template":"","meta":{"footnotes":""},"class_list":["post-187","page","type-page","status-publish","hentry"],"yoast_head":"<!-- This site is optimized with the Yoast SEO plugin v18.3 - https:\/\/yoast.com\/wordpress\/plugins\/seo\/ -->\n<title>Salas tem\u00e1ticas - El nuevo grabado japon\u00e9s (shin-hanga) en la colecci\u00f3n de la Casa Popenoe<\/title>\n<meta name=\"robots\" content=\"index, follow, max-snippet:-1, max-image-preview:large, max-video-preview:-1\" \/>\n<link rel=\"canonical\" href=\"https:\/\/casapopenoe.ufm.edu\/grabados-japoneses\/salas-tematicas\/\" \/>\n<meta property=\"og:locale\" content=\"es_ES\" \/>\n<meta property=\"og:type\" content=\"article\" \/>\n<meta property=\"og:title\" content=\"Salas tem\u00e1ticas - El nuevo grabado japon\u00e9s (shin-hanga) en la colecci\u00f3n de la Casa Popenoe\" \/>\n<meta property=\"og:description\" content=\"El nuevo grabado japon\u00e9s (shin-hanga) Una colecci\u00f3n de Casa Popenoe SALAS TEM\u00c1TICAS SALA 1 La colecci\u00f3n de estampas japonesas modernas de la Casa Popenoe &nbsp; SALA 2 El nuevo grabado japon\u00e9s &nbsp; &nbsp; &nbsp; Aula did\u00e1ctica &nbsp; SALA 3 El paisaje en la obra de Kawase Hasui &nbsp; SALA 4 Ohara Koson y el regreso&hellip;\" \/>\n<meta property=\"og:url\" content=\"https:\/\/casapopenoe.ufm.edu\/grabados-japoneses\/salas-tematicas\/\" \/>\n<meta property=\"og:site_name\" content=\"El nuevo grabado japon\u00e9s (shin-hanga) en la colecci\u00f3n de la Casa Popenoe\" \/>\n<meta property=\"article:modified_time\" content=\"2022-03-14T17:35:52+00:00\" \/>\n<meta name=\"twitter:card\" content=\"summary_large_image\" \/>\n<meta name=\"twitter:label1\" content=\"Tiempo de lectura\" \/>\n\t<meta name=\"twitter:data1\" content=\"1 minuto\" \/>\n<script type=\"application\/ld+json\" class=\"yoast-schema-graph\">{\"@context\":\"https:\/\/schema.org\",\"@graph\":[{\"@type\":\"WebSite\",\"@id\":\"https:\/\/casapopenoe.ufm.edu\/grabados-japoneses\/#website\",\"url\":\"https:\/\/casapopenoe.ufm.edu\/grabados-japoneses\/\",\"name\":\"El nuevo grabado japon\u00e9s (shin-hanga) en la colecci\u00f3n de la Casa Popenoe\",\"description\":\"\",\"potentialAction\":[{\"@type\":\"SearchAction\",\"target\":{\"@type\":\"EntryPoint\",\"urlTemplate\":\"https:\/\/casapopenoe.ufm.edu\/grabados-japoneses\/?s={search_term_string}\"},\"query-input\":\"required name=search_term_string\"}],\"inLanguage\":\"es\"},{\"@type\":\"WebPage\",\"@id\":\"https:\/\/casapopenoe.ufm.edu\/grabados-japoneses\/salas-tematicas\/#webpage\",\"url\":\"https:\/\/casapopenoe.ufm.edu\/grabados-japoneses\/salas-tematicas\/\",\"name\":\"Salas tem\u00e1ticas - El nuevo grabado japon\u00e9s (shin-hanga) en la colecci\u00f3n de la Casa Popenoe\",\"isPartOf\":{\"@id\":\"https:\/\/casapopenoe.ufm.edu\/grabados-japoneses\/#website\"},\"datePublished\":\"2021-11-11T20:58:56+00:00\",\"dateModified\":\"2022-03-14T17:35:52+00:00\",\"breadcrumb\":{\"@id\":\"https:\/\/casapopenoe.ufm.edu\/grabados-japoneses\/salas-tematicas\/#breadcrumb\"},\"inLanguage\":\"es\",\"potentialAction\":[{\"@type\":\"ReadAction\",\"target\":[\"https:\/\/casapopenoe.ufm.edu\/grabados-japoneses\/salas-tematicas\/\"]}]},{\"@type\":\"BreadcrumbList\",\"@id\":\"https:\/\/casapopenoe.ufm.edu\/grabados-japoneses\/salas-tematicas\/#breadcrumb\",\"itemListElement\":[{\"@type\":\"ListItem\",\"position\":1,\"name\":\"Portada\",\"item\":\"https:\/\/casapopenoe.ufm.edu\/grabados-japoneses\/\"},{\"@type\":\"ListItem\",\"position\":2,\"name\":\"Salas tem\u00e1ticas\"}]}]}<\/script>\n<!-- \/ Yoast SEO plugin. -->","yoast_head_json":{"title":"Salas tem\u00e1ticas - El nuevo grabado japon\u00e9s (shin-hanga) en la colecci\u00f3n de la Casa Popenoe","robots":{"index":"index","follow":"follow","max-snippet":"max-snippet:-1","max-image-preview":"max-image-preview:large","max-video-preview":"max-video-preview:-1"},"canonical":"https:\/\/casapopenoe.ufm.edu\/grabados-japoneses\/salas-tematicas\/","og_locale":"es_ES","og_type":"article","og_title":"Salas tem\u00e1ticas - El nuevo grabado japon\u00e9s (shin-hanga) en la colecci\u00f3n de la Casa Popenoe","og_description":"El nuevo grabado japon\u00e9s (shin-hanga) Una colecci\u00f3n de Casa Popenoe SALAS TEM\u00c1TICAS SALA 1 La colecci\u00f3n de estampas japonesas modernas de la Casa Popenoe &nbsp; SALA 2 El nuevo grabado japon\u00e9s &nbsp; &nbsp; &nbsp; Aula did\u00e1ctica &nbsp; SALA 3 El paisaje en la obra de Kawase Hasui &nbsp; SALA 4 Ohara Koson y el regreso&hellip;","og_url":"https:\/\/casapopenoe.ufm.edu\/grabados-japoneses\/salas-tematicas\/","og_site_name":"El nuevo grabado japon\u00e9s (shin-hanga) en la colecci\u00f3n de la Casa Popenoe","article_modified_time":"2022-03-14T17:35:52+00:00","twitter_card":"summary_large_image","twitter_misc":{"Tiempo de lectura":"1 minuto"},"schema":{"@context":"https:\/\/schema.org","@graph":[{"@type":"WebSite","@id":"https:\/\/casapopenoe.ufm.edu\/grabados-japoneses\/#website","url":"https:\/\/casapopenoe.ufm.edu\/grabados-japoneses\/","name":"El nuevo grabado japon\u00e9s (shin-hanga) en la colecci\u00f3n de la Casa Popenoe","description":"","potentialAction":[{"@type":"SearchAction","target":{"@type":"EntryPoint","urlTemplate":"https:\/\/casapopenoe.ufm.edu\/grabados-japoneses\/?s={search_term_string}"},"query-input":"required name=search_term_string"}],"inLanguage":"es"},{"@type":"WebPage","@id":"https:\/\/casapopenoe.ufm.edu\/grabados-japoneses\/salas-tematicas\/#webpage","url":"https:\/\/casapopenoe.ufm.edu\/grabados-japoneses\/salas-tematicas\/","name":"Salas tem\u00e1ticas - El nuevo grabado japon\u00e9s (shin-hanga) en la colecci\u00f3n de la Casa Popenoe","isPartOf":{"@id":"https:\/\/casapopenoe.ufm.edu\/grabados-japoneses\/#website"},"datePublished":"2021-11-11T20:58:56+00:00","dateModified":"2022-03-14T17:35:52+00:00","breadcrumb":{"@id":"https:\/\/casapopenoe.ufm.edu\/grabados-japoneses\/salas-tematicas\/#breadcrumb"},"inLanguage":"es","potentialAction":[{"@type":"ReadAction","target":["https:\/\/casapopenoe.ufm.edu\/grabados-japoneses\/salas-tematicas\/"]}]},{"@type":"BreadcrumbList","@id":"https:\/\/casapopenoe.ufm.edu\/grabados-japoneses\/salas-tematicas\/#breadcrumb","itemListElement":[{"@type":"ListItem","position":1,"name":"Portada","item":"https:\/\/casapopenoe.ufm.edu\/grabados-japoneses\/"},{"@type":"ListItem","position":2,"name":"Salas tem\u00e1ticas"}]}]}},"meta_box":[],"_links":{"self":[{"href":"https:\/\/casapopenoe.ufm.edu\/grabados-japoneses\/wp-json\/wp\/v2\/pages\/187","targetHints":{"allow":["GET"]}}],"collection":[{"href":"https:\/\/casapopenoe.ufm.edu\/grabados-japoneses\/wp-json\/wp\/v2\/pages"}],"about":[{"href":"https:\/\/casapopenoe.ufm.edu\/grabados-japoneses\/wp-json\/wp\/v2\/types\/page"}],"author":[{"embeddable":true,"href":"https:\/\/casapopenoe.ufm.edu\/grabados-japoneses\/wp-json\/wp\/v2\/users\/1"}],"replies":[{"embeddable":true,"href":"https:\/\/casapopenoe.ufm.edu\/grabados-japoneses\/wp-json\/wp\/v2\/comments?post=187"}],"version-history":[{"count":58,"href":"https:\/\/casapopenoe.ufm.edu\/grabados-japoneses\/wp-json\/wp\/v2\/pages\/187\/revisions"}],"predecessor-version":[{"id":1141,"href":"https:\/\/casapopenoe.ufm.edu\/grabados-japoneses\/wp-json\/wp\/v2\/pages\/187\/revisions\/1141"}],"wp:attachment":[{"href":"https:\/\/casapopenoe.ufm.edu\/grabados-japoneses\/wp-json\/wp\/v2\/media?parent=187"}],"curies":[{"name":"wp","href":"https:\/\/api.w.org\/{rel}","templated":true}]}}